 64647/15*(-5)/(-3).
11, 653
Suppose 22*q + 340 - 28324 = 0. Let h = q + -354. What are the prime factors of h?
2, 3, 17
What are the prime factors of 10 - (-14)/(-7) - (0 - 6)?
2, 7
Let t(v) = -430*v + 6915. List the prime factors of t(-22).
5, 131
Let a = -28 - -41. Let f = a + -9. List the prime factors of 3/f*(59 + 1).
3, 5
Suppose 0 = 2*q + 6, 3*g - 2*g - 7 = q. Suppose 4*y - 1144 = -g*z + 8*y, -3*y - 1147 = -4*z. List the prime factors of z.
17
Let y(b) = -3 + 12 - 8 - 7*b - 7 + 80*b**2. List the prime factors of y(-2).
2, 41
Let n(j) = j**3 + 84*j**2 - 353*j - 169. What are the prime factors of n(-85)?
3, 7537
Let g(y) = -2*y + 28. Let i be g(12). Let b(n) = i + 5*n - n + 18. What are the prime factors of b(4)?
2, 19
Let q = -7362 - -11634. What are the prime factors of q?
2, 3, 89
Suppose -y + 7129 + 448 = m, -15126 = -2*m + 5*y. List the prime factors of m.
7573
Let g be -22 + ((-2)/9 - (-40)/18). Let y be 18/8 - 15/g. Suppose 4*t + 2*s + 3*s = 270, -2*s = y*t - 206. What are the prime factors of t?
2, 5, 7
Suppose -4*g - z = 0, 5*g - z + 0*z + 9 = 0. Let l(u) = -624*u**3 + u + 1. What are the prime factors of l(g)?
2, 3, 13
Let n be 3463 + (-4 + 4 - -1). Let w = n + -2447. What are the prime factors of w?
3, 113
Let j(d) = d**2 - 2*d - 3. Let s be j(-2). Let z be (116/(-6))/(s/(-15)). Let h = 2 + z. List the prime factors of h.
2, 3, 5
Let o(s) = 68*s**2 + 10*s + 31*s**2 - 541 + 532. List the prime factors of o(3).
2, 3, 19
Suppose -8*y - 84 = -12*y. Suppose 0 = -24*b + 244 + 332. Let n = b + y. List the prime factors of n.
3, 5
Let v(x) = 475*x - 940. List the prime factors of v(15).
5, 1237
Let r be 1/(-1) + -1 - -164 - -2. Suppose -r*j = -153*j - 3289. List the prime factors of j.
13, 23
Let k(n) = -251*n + 7390. List the prime factors of k(0).
2, 5, 739
List the prime factors of (840/1400)/(1/(10/(-2)))*-10118.
2, 3, 5059
Let u = 33336 - 22743. List the prime factors of u.
3, 11, 107
Suppose 4*v = -58*x + 62*x + 17924, -4*v + 5*x + 17923 = 0. List the prime factors of v.
2, 3, 83
Let v(t) = 53*t**3 + t**2 + 4*t - 13. Let d be v(3). Suppose 856 + d = 3*m. What are the prime factors of m?
3, 5, 17
Let s be -16 + ((-4)/26 - 364/(-169)). List the prime factors of s/21 + 4497/9.
499
Suppose -199 - 341 = -10*m. Suppose 0 = 2*z, -2*w - 5*z - 62 = 22. Let s = m + w. List the prime factors of s.
2, 3
Let r = -710 - -1139. Let t = 767 - r. What are the prime factors of t?
2, 13
Suppose -5*h = -10*h + x + 22, -4*h = -2*x - 20. List the prime factors of ((-4968)/16 + -6)/((-2)/h).
3, 211
Let l = -194 - -202. What are the prime factors of 6/l - (-11942)/56?
2, 107
Let i(a) be the third derivative of -79*a**4/24 - 5*a**3/3 + 10*a**2. Let y be i(-3). Let w = -113 + y. List the prime factors of w.
2, 3, 19
Let k be 1821/(-4) + ((-18)/(-8) - 2). Let h = -325 - k. List the prime factors of h.
2, 5, 13
List the prime factors of 8/(-5)*405100/(-40).
2, 4051
Let i = 43200 + -19893. List the prime factors of i.
3, 17, 457
Let j(y) = y**3 - 31*y**2 - 16*y - 64. Suppose 3*s - 192 = -3*s. List the prime factors of j(s).
2, 7
Suppose -14417 - 3363 = -2*w - 4*n, 2*n = 2*w - 17774. List the prime factors of w.
2, 11, 101
Suppose -148*h + 156*h = -5288. Let i = -262 - h. List the prime factors of i.
3, 7, 19
Suppose -30 = 6*d - 4*d. Let o be ((-29)/(1160/(-48)))/((-1)/(-45)). Let p = d + o. What are the prime factors of p?
3, 13
Let i = 82 - 149. Let f = 82 + i. Suppose 12*v = f*v - 243. List the prime factors of v.
3
Suppose 121 - 145 = -8*r. Suppose -d = -r*a - 18, -d + 10 = 5*a - 8. What are the prime factors of d?
2, 3
Let o = 28660 + -18235. What are the prime factors of o?
3, 5, 139
Suppose 15 = -10*b + 65. Suppose 5*t - b*u = 40, -5*u = 2*t - 6*t + 34. Suppose 0 = 3*x - t*x + v + 254, 4*x - 2*v - 338 = 0. List the prime factors of x.
5, 17
Suppose -y + 25*k - 24*k = -7752, 0 = 2*y - 4*k - 15512. List the prime factors of y.
2, 13, 149
Suppose 159 = 2*d + 3*h, -2*d - 133*h + 135*h + 174 = 0. Let c be ((-178)/8)/((-3)/12). Let i = c - d. What are the prime factors of i?
5
Suppose -5*s - o = -s - 739, 5*s - 4*o - 950 = 0. Suppose s = 4*c - c + 3*t, 0 = -4*t + 20. List the prime factors of c.
3, 19
Suppose -4*l - 12 = 0, -5*n - 82*l + 84*l + 55721 = 0. What are the prime factors of n?
11, 1013
What are the prime factors of (38/(-7) - 60/(-140))*(-3839)/5?
11, 349
Let a be (-12)/(-24) + 18/4. Suppose 16*o - a*o = 4048. Suppose -4*m = -5*g - 7*m + o, -m = 3*g - 224. What are the prime factors of g?
2, 19
Let o(w) = -4*w + 16. Let g be o(5). What are the prime factors of (-1086)/g*12*7/63?
2, 181
Suppose 0 = 73*k - 45*k - 123396. What are the prime factors of k?
3, 13, 113
Let b(j) = -j**3 + 4*j**2 - 4*j + 3. Let r be b(2). Suppose -1351 = -5*p + r*h, 2*p - 5*h = p + 279. Let g = -152 + p. List the prime factors of g.
3, 13
Let h = 18773 - -13255. What are the prime factors of h?
2, 3, 17, 157
Let t(m) be the first derivative of m**4/4 - m**3/3 + m**2 + 22*m + 10702. Let d(g) = g**3 - g**2 - 2*g. Let w be d(2). List the prime factors of t(w).
2, 11
Let j(o) = 11*o**2 - 18*o + 20. Let v be j(1). Suppose v*u = 4583 + 6688. What are the prime factors of u?
3, 17
Let f = 57569 - 23192. List the prime factors of f.
3, 7, 1637
Let d = -23 + 23. Suppose -2*u + 3*g + d*g + 580 = 0, 1160 = 4*u - 4*g. List the prime factors of u.
2, 5, 29
Let o = -42 + 47. Suppose 4*s - 1105 = o*q + 360, 2*s - 740 = 4*q. What are the prime factors of s?
2, 3, 5
Suppose 4*q - 1 = 7. Suppose -q = -5*w + 6*w. What are the prime factors of 59 - 6*w/(-3)?
5, 11
Let f(r) = -r**3 + 13*r**2 - 2*r - 10. Suppose -5*c = 25, -3*y = 2*y - 3*c - 70. Let q be f(y). Suppose v + 5*v - q = 0. List the prime factors of v.
5, 7
Let w = 1177 + 26513. List the prime factors of w.
2, 3, 5, 13, 71
What are the prime factors of -4*(-385192)/160 + (-4)/5?
9629
Suppose 0 = -9*g, -p - 2*g = -6*g - 11208. What are the prime factors of p?
2, 3, 467
Suppose -166*v = -185*v + 108167. What are the prime factors of v?
5693
Let j = 19017 - 13955. What are the prime factors of j?
2, 2531
Let n(i) = -i**3 - 61*i**2 + 437*i + 25. What are the prime factors of n(-70)?
5, 2707
What are the prime factors of ((-26)/(-10) + -1)/(34/81430)?
2, 479
Let z(u) = 29*u**2 + 4*u - 8. Let t be z(4). Suppose k = -3*k + t. Let b = k + -75. What are the prime factors of b?
43
Suppose 0 = 5*d + k - 6305, -2*d = -5*d - 2*k + 3790. Suppose 100*t = 96*t + d. What are the prime factors of t?
3, 5, 7
Let s = -38808 + 86363. What are the prime factors of s?
5, 9511
Let c be 72*2/(-4)*-2. Let k = -851 - -1731. Suppose -c*y - k = -77*y. What are the prime factors of y?
2, 11
Let o be -21 + 1688 - (2 + -1). Suppose -1257 = -3*h - 4*j, -2*j + o = 7*h - 3*h. What are the prime factors of h?
5, 83
Let k be (3/(6/13))/((-10)/(-20)). Suppose 17 + k = -3*b. What are the prime factors of (-15)/25 + (-866)/b?
2, 43
Let j = 137 + 153. Suppose 2*b = -5*z + 1522, 0 = 23*z - 22*z + 4*b - j. List the prime factors of z.
2, 3, 17
Let v(x) = -5*x**3 + 4*x**2 + 8*x + 21. Let t be v(-8). Suppose -t = -23*i + 10383. List the prime factors of i.
2, 11, 13
Suppose -2*n = -17*n + 120. Suppose 2651 = n*o - 3*o + x, -16 = 4*x. What are the prime factors of o?
3, 59
Let h(a) = 3*a**3 + a**2 - 11*a + 9. Let c(u) = -3*u**3 - 9*u - 8. Let o be c(-1). List the prime factors of h(o).
173
Suppose -18*d = 137*d - 387500. List the prime factors of d.
2, 5
Let z(v) = v**2 - 12*v - 29. Suppose -69 = 2*j - 11. Let k = j - -44. List the prime factors of z(k).
2
Let z be (-123)/2 + 6/(-36)*-9. Let m = -63 - z. What are the prime factors of 122 + m/(-3)*0/(-2)?
2, 61
Let o(n) = 2*n**3 + n**2 - 9*n + 9. Let g(b) = 1. Let c(r) = r**2 + r - 4. Let z(m) = -c(m) - 4*g(m). Let h(u) = o(u) - 3*z(u). List the prime factors of h(3).
3
Let d(k) = 15*k + 1439. What are the prime factors of d(93)?
2, 13, 109
Suppose 39*i - 26124 = 32*i. What are the prime factors of i?
2, 3, 311
Let o(u) = 661*u + 587. What are the prime factors of o(22)?
3, 41
Let g(b) = 3*b**2 - 9*b + 7. Let r be g(3). Suppose -6 = m - r. List the prime factors of (m + 1)*(-50)/(-4).
5
Suppose -2*k - 5*p = -25279 - 41177, 2*p = -0*p. List the prime factors of k.
2, 3, 13, 71
Let s be -2*(-4)/4 + 318. Suppose -2*t + 5*f + s 